{"id":84,"date":"2023-11-12T11:47:48","date_gmt":"2023-11-12T10:47:48","guid":{"rendered":"http:\/\/www.folka-danse-vendee.fr\/?page_id=84"},"modified":"2023-11-12T22:23:39","modified_gmt":"2023-11-12T21:23:39","slug":"notre-association","status":"publish","type":"page","link":"https:\/\/www.folka-danse-vendee.fr\/index.php\/notre-association\/","title":{"rendered":"Notre Association"},"content":{"rendered":"<h3><strong><span style=\"color: #ff6600;\">Pr\u00e9sentation<\/span><\/strong><\/h3>\n<div class=\"h-col\">\n<div id=\"post-143\" class=\"post-143 page type-page status-publish hentry\">\n<div>\n<p>Folka-Danse, c\u2019est une association pour l\u2019<strong>apprentissage et la pratique des danses traditionnelles<\/strong> des r\u00e9gions fran\u00e7aises mais aussi de pays \u00e9trangers.<\/p>\n<p><em>Les danseuses et danseurs peuvent ainsi bien participer aux bals Folks, Trad\u2019 et Fest Noz.<\/em><\/p>\n<p>Nous dansons pour le plaisir, la sant\u00e9 et cherchons \u00e0 transmettre ce pr\u00e9cieux patrimoine h\u00e9rit\u00e9 de nos anc\u00eatres.<\/p>\n<p><strong>Nous nous retrouvons le mercredi soir, de 20 h 15 \u00e0 22 h pour des ateliers de danses traditionnelles<\/strong>. La salle de danse est situ\u00e9e \u00e0 c\u00f4t\u00e9 du terrain de foot, au 639 rue Jean de Suzannet \u00e0 Chavagnes en Paillers (85250).<\/p>\n<p>L\u2019adh\u00e9sion \u00e0 l\u2019association est de 10 \u20ac et le tarif annuel pour les cours 22 \u20ac en 2023. L\u2019inscription peut se faire apr\u00e8s quelques cours d\u2019essais gratuits.<\/p>\n<p>&nbsp;<\/p>\n<\/div>\n<h3><span style=\"color: #ff6600;\"><strong>Nos activit\u00e9s<\/strong><\/span><\/h3>\n<div class=\"h-col\">\n<div id=\"post-145\" class=\"post-145 page type-page status-publish hentry\">\n<div>\n<p><strong>Faire conna\u00eetre les danses et l\u2019univers des bals \u00e0 un plus grand nombre\u2026<\/strong><\/p>\n<p>Des d\u00e9monstrations et initiations aux danses traditionnelles lors de f\u00eates locales\u00a0:<\/p>\n<ul>\n<li>F\u00eate de la Saint Patrick (Mars 2018)<\/li>\n<li>P\u00e2ques au refuge de Grasla aux Brouzils (Mars 2018)<\/li>\n<li>T\u00e9l\u00e9thon \u00e0 Chavagnes (Novembre 2015)<\/li>\n<\/ul>\n<p>Un apprentissage d\u00e8s le plus jeune \u00e2ge dans les \u00e9coles\u00a0:<\/p>\n<ul>\n<li>4 apr\u00e8s-midis lors des APE de l\u2019\u00e9cole Nazareth \u00e0 Chavagnes en Paillers (avril 2018)<\/li>\n<\/ul>\n<p>&nbsp;<\/p>\n<p><strong>S\u2019amuser et \u00eatre \u00e0 l\u2019aise dans les bals<\/strong><strong>\u00a0<\/strong><\/p>\n<p>Notre bal annuel \u00e0 la Rabateli\u00e8re<\/p>\n<p>Notre participation au bar lors du bal du week end et stage danse trad\u2019 \u00e0 Chavagnes organis\u00e9 par la Communaut\u00e9 de Communes Saint Fulgent-Les Essarts<\/p>\n<p><em>\u00a0<\/em><\/p>\n<p><strong>Partager de bons moments ensemble\u2026<\/strong><\/p>\n<p>Le 18 janvier 2019, nous avons partag\u00e9 la galette des rois, \u00e0 la salle Tourmaline de Chavagnes en Paillers, apr\u00e8s une soir\u00e9e danses, anim\u00e9e par \u00ab\u00a0Moul\u2019\u00e0 gaufres\u00a0\u00bb<\/p>\n<p>Des apr\u00e8s-midis d\u00e9tente \u00e0 la demande de collectivit\u00e9s<\/p>\n<ul>\n<li>Le 27\/10\/2017 L\u2019Epiardi\u00e8re de Mormaison<\/li>\n<li>Le 29\/11\/2017 La Maison Charlotte de Ranfray \u00e0 Chavagnes en Paillers<\/li>\n<li>Le 27\/04\/2018 Repos de Montaigu<\/li>\n<li>Le 27\/06\/2018 \u00e0 la maison de retraite des Brouzils<\/li>\n<\/ul>\n<\/div>\n<\/div>\n<\/div>\n<\/div>\n<\/div>\n","protected":false},"excerpt":{"rendered":"<p>Pr\u00e9sentation Folka-Danse, c\u2019est une association pour l\u2019apprentissage et la pratique des danses traditionnelles des r\u00e9gions fran\u00e7aises mais aussi de pays \u00e9trangers. Les danseuses et danseurs peuvent ainsi bien participer aux [&hellip;]<\/p>\n","protected":false},"author":2,"featured_media":0,"parent":0,"menu_order":0,"comment_status":"closed","ping_status":"closed","template":"","meta":{"footnotes":""},"class_list":["post-84","page","type-page","status-publish","hentry"],"yoast_head":"<!-- This site is optimized with the Yoast SEO plugin v26.9 - https:\/\/yoast.com\/product\/yoast-seo-wordpress\/ -->\n<title>Notre Association - Folka-Danse<\/title>\n<meta name=\"description\" content=\"Folka-Danse est une association vend\u00e9enne proposant des ateliers de danses traditionnelles \u00e0 Chavagnes-en-Paillers.\" \/>\n<meta name=\"robots\" content=\"index, follow, max-snippet:-1, max-image-preview:large, max-video-preview:-1\" \/>\n<link rel=\"canonical\" href=\"https:\/\/www.folka-danse-vendee.fr\/index.php\/notre-association\/\" \/>\n<meta property=\"og:locale\" content=\"fr_FR\" \/>\n<meta property=\"og:type\" content=\"article\" \/>\n<meta property=\"og:title\" content=\"Notre Association - Folka-Danse\" \/>\n<meta property=\"og:description\" content=\"Folka-Danse est une association vend\u00e9enne proposant des ateliers de danses traditionnelles \u00e0 Chavagnes-en-Paillers.\" \/>\n<meta property=\"og:url\" content=\"https:\/\/www.folka-danse-vendee.fr\/index.php\/notre-association\/\" \/>\n<meta property=\"og:site_name\" content=\"Folka-Danse\" \/>\n<meta property=\"article:modified_time\" content=\"2023-11-12T21:23:39+00:00\" \/>\n<meta name=\"twitter:card\" content=\"summary_large_image\" \/>\n<meta name=\"twitter:label1\" content=\"Dur\u00e9e de lecture estim\u00e9e\" \/>\n\t<meta name=\"twitter:data1\" content=\"2 minutes\" \/>\n<script type=\"application\/ld+json\" class=\"yoast-schema-graph\">{\"@context\":\"https:\/\/schema.org\",\"@graph\":[{\"@type\":\"WebPage\",\"@id\":\"https:\/\/www.folka-danse-vendee.fr\/index.php\/notre-association\/\",\"url\":\"https:\/\/www.folka-danse-vendee.fr\/index.php\/notre-association\/\",\"name\":\"Notre Association - Folka-Danse\",\"isPartOf\":{\"@id\":\"https:\/\/www.folka-danse-vendee.fr\/#website\"},\"datePublished\":\"2023-11-12T10:47:48+00:00\",\"dateModified\":\"2023-11-12T21:23:39+00:00\",\"description\":\"Folka-Danse est une association vend\u00e9enne proposant des ateliers de danses traditionnelles \u00e0 Chavagnes-en-Paillers.\",\"breadcrumb\":{\"@id\":\"https:\/\/www.folka-danse-vendee.fr\/index.php\/notre-association\/#breadcrumb\"},\"inLanguage\":\"fr-FR\",\"potentialAction\":[{\"@type\":\"ReadAction\",\"target\":[\"https:\/\/www.folka-danse-vendee.fr\/index.php\/notre-association\/\"]}]},{\"@type\":\"BreadcrumbList\",\"@id\":\"https:\/\/www.folka-danse-vendee.fr\/index.php\/notre-association\/#breadcrumb\",\"itemListElement\":[{\"@type\":\"ListItem\",\"position\":1,\"name\":\"Accueil\",\"item\":\"https:\/\/www.folka-danse-vendee.fr\/\"},{\"@type\":\"ListItem\",\"position\":2,\"name\":\"Notre Association\"}]},{\"@type\":\"WebSite\",\"@id\":\"https:\/\/www.folka-danse-vendee.fr\/#website\",\"url\":\"https:\/\/www.folka-danse-vendee.fr\/\",\"name\":\"http:\/\/www.folka-danse-vendee.fr\/\",\"description\":\"On danse pour le plaisir !\",\"publisher\":{\"@id\":\"https:\/\/www.folka-danse-vendee.fr\/#organization\"},\"potentialAction\":[{\"@type\":\"SearchAction\",\"target\":{\"@type\":\"EntryPoint\",\"urlTemplate\":\"https:\/\/www.folka-danse-vendee.fr\/?s={search_term_string}\"},\"query-input\":{\"@type\":\"PropertyValueSpecification\",\"valueRequired\":true,\"valueName\":\"search_term_string\"}}],\"inLanguage\":\"fr-FR\"},{\"@type\":\"Organization\",\"@id\":\"https:\/\/www.folka-danse-vendee.fr\/#organization\",\"name\":\"Folka-Danse\",\"url\":\"https:\/\/www.folka-danse-vendee.fr\/\",\"logo\":{\"@type\":\"ImageObject\",\"inLanguage\":\"fr-FR\",\"@id\":\"https:\/\/www.folka-danse-vendee.fr\/#\/schema\/logo\/image\/\",\"url\":\"http:\/\/www.folka-danse-vendee.fr\/wp-content\/uploads\/2023\/11\/logo_folka_danse.png\",\"contentUrl\":\"http:\/\/www.folka-danse-vendee.fr\/wp-content\/uploads\/2023\/11\/logo_folka_danse.png\",\"width\":278,\"height\":215,\"caption\":\"Folka-Danse\"},\"image\":{\"@id\":\"https:\/\/www.folka-danse-vendee.fr\/#\/schema\/logo\/image\/\"}}]}<\/script>\n<!-- \/ Yoast SEO plugin. -->","yoast_head_json":{"title":"Notre Association - Folka-Danse","description":"Folka-Danse est une association vend\u00e9enne proposant des ateliers de danses traditionnelles \u00e0 Chavagnes-en-Paillers.","robots":{"index":"index","follow":"follow","max-snippet":"max-snippet:-1","max-image-preview":"max-image-preview:large","max-video-preview":"max-video-preview:-1"},"canonical":"https:\/\/www.folka-danse-vendee.fr\/index.php\/notre-association\/","og_locale":"fr_FR","og_type":"article","og_title":"Notre Association - Folka-Danse","og_description":"Folka-Danse est une association vend\u00e9enne proposant des ateliers de danses traditionnelles \u00e0 Chavagnes-en-Paillers.","og_url":"https:\/\/www.folka-danse-vendee.fr\/index.php\/notre-association\/","og_site_name":"Folka-Danse","article_modified_time":"2023-11-12T21:23:39+00:00","twitter_card":"summary_large_image","twitter_misc":{"Dur\u00e9e de lecture estim\u00e9e":"2 minutes"},"schema":{"@context":"https:\/\/schema.org","@graph":[{"@type":"WebPage","@id":"https:\/\/www.folka-danse-vendee.fr\/index.php\/notre-association\/","url":"https:\/\/www.folka-danse-vendee.fr\/index.php\/notre-association\/","name":"Notre Association - Folka-Danse","isPartOf":{"@id":"https:\/\/www.folka-danse-vendee.fr\/#website"},"datePublished":"2023-11-12T10:47:48+00:00","dateModified":"2023-11-12T21:23:39+00:00","description":"Folka-Danse est une association vend\u00e9enne proposant des ateliers de danses traditionnelles \u00e0 Chavagnes-en-Paillers.","breadcrumb":{"@id":"https:\/\/www.folka-danse-vendee.fr\/index.php\/notre-association\/#breadcrumb"},"inLanguage":"fr-FR","potentialAction":[{"@type":"ReadAction","target":["https:\/\/www.folka-danse-vendee.fr\/index.php\/notre-association\/"]}]},{"@type":"BreadcrumbList","@id":"https:\/\/www.folka-danse-vendee.fr\/index.php\/notre-association\/#breadcrumb","itemListElement":[{"@type":"ListItem","position":1,"name":"Accueil","item":"https:\/\/www.folka-danse-vendee.fr\/"},{"@type":"ListItem","position":2,"name":"Notre Association"}]},{"@type":"WebSite","@id":"https:\/\/www.folka-danse-vendee.fr\/#website","url":"https:\/\/www.folka-danse-vendee.fr\/","name":"http:\/\/www.folka-danse-vendee.fr\/","description":"On danse pour le plaisir !","publisher":{"@id":"https:\/\/www.folka-danse-vendee.fr\/#organization"},"potentialAction":[{"@type":"SearchAction","target":{"@type":"EntryPoint","urlTemplate":"https:\/\/www.folka-danse-vendee.fr\/?s={search_term_string}"},"query-input":{"@type":"PropertyValueSpecification","valueRequired":true,"valueName":"search_term_string"}}],"inLanguage":"fr-FR"},{"@type":"Organization","@id":"https:\/\/www.folka-danse-vendee.fr\/#organization","name":"Folka-Danse","url":"https:\/\/www.folka-danse-vendee.fr\/","logo":{"@type":"ImageObject","inLanguage":"fr-FR","@id":"https:\/\/www.folka-danse-vendee.fr\/#\/schema\/logo\/image\/","url":"http:\/\/www.folka-danse-vendee.fr\/wp-content\/uploads\/2023\/11\/logo_folka_danse.png","contentUrl":"http:\/\/www.folka-danse-vendee.fr\/wp-content\/uploads\/2023\/11\/logo_folka_danse.png","width":278,"height":215,"caption":"Folka-Danse"},"image":{"@id":"https:\/\/www.folka-danse-vendee.fr\/#\/schema\/logo\/image\/"}}]}},"_links":{"self":[{"href":"https:\/\/www.folka-danse-vendee.fr\/index.php\/wp-json\/wp\/v2\/pages\/84","targetHints":{"allow":["GET"]}}],"collection":[{"href":"https:\/\/www.folka-danse-vendee.fr\/index.php\/wp-json\/wp\/v2\/pages"}],"about":[{"href":"https:\/\/www.folka-danse-vendee.fr\/index.php\/wp-json\/wp\/v2\/types\/page"}],"author":[{"embeddable":true,"href":"https:\/\/www.folka-danse-vendee.fr\/index.php\/wp-json\/wp\/v2\/users\/2"}],"replies":[{"embeddable":true,"href":"https:\/\/www.folka-danse-vendee.fr\/index.php\/wp-json\/wp\/v2\/comments?post=84"}],"version-history":[{"count":4,"href":"https:\/\/www.folka-danse-vendee.fr\/index.php\/wp-json\/wp\/v2\/pages\/84\/revisions"}],"predecessor-version":[{"id":434,"href":"https:\/\/www.folka-danse-vendee.fr\/index.php\/wp-json\/wp\/v2\/pages\/84\/revisions\/434"}],"wp:attachment":[{"href":"https:\/\/www.folka-danse-vendee.fr\/index.php\/wp-json\/wp\/v2\/media?parent=84"}],"curies":[{"name":"wp","href":"https:\/\/api.w.org\/{rel}","templated":true}]}}